{"id":250274,"date":"2023-08-01T17:18:32","date_gmt":"2023-08-01T15:18:32","guid":{"rendered":"https:\/\/www.ffbetania.net\/?post_type=project&#038;p=250274"},"modified":"2023-08-21T12:38:05","modified_gmt":"2023-08-21T10:38:05","slug":"dez-anos-de-ffb-aschaffenburg","status":"publish","type":"project","link":"https:\/\/www.ffbetania.net\/pt-br\/project\/dez-anos-de-ffb-aschaffenburg\/","title":{"rendered":"Comemora\u00e7\u00e3o do dez anos da FFB"},"content":{"rendered":"<p>[et_pb_section fb_built=&#8221;1&#8243; _builder_version=&#8221;4.16&#8243; _module_preset=&#8221;default&#8221; global_colors_info=&#8221;{}&#8221;][et_pb_row _builder_version=&#8221;4.16&#8243; _module_preset=&#8221;default&#8221; global_colors_info=&#8221;{}&#8221;][et_pb_column type=&#8221;4_4&#8243; _builder_version=&#8221;4.16&#8243; _module_preset=&#8221;default&#8221; global_colors_info=&#8221;{}&#8221;][et_pb_gallery gallery_ids=&#8221;250341,250318,250310,250342,250350,250314,250333,250358,250346,250362,250322,250373,250302,250338,250294,250290,250306,250366,250354,250286,250298,250398,250382,250394,250390&#8243; posts_number=&#8221;999&#8243; dbdb_version=&#8221;4.0.8&#8243; _builder_version=&#8221;4.19.5&#8243; _module_preset=&#8221;default&#8221; hover_enabled=&#8221;0&#8243; global_colors_info=&#8221;{}&#8221; sticky_enabled=&#8221;0&#8243;][\/et_pb_gallery][\/et_pb_column][\/et_pb_row][\/et_pb_section]<\/p>\n","protected":false},"excerpt":{"rendered":"","protected":false},"author":11,"featured_media":250119,"comment_status":"closed","ping_status":"closed","template":"","meta":{"_et_pb_use_builder":"on","_et_pb_old_content":"","_et_gb_content_width":"","footnotes":""},"project_category":[168],"project_tag":[209,208,169],"class_list":["post-250274","project","type-project","status-publish","has-post-thumbnail","hentry","project_category-gallery-pt-br","project_tag-aniversario","project_tag-ffb-aschaffenburg-pt-br","project_tag-fraternidade-franciscana-de-betania"],"yoast_head":"<!-- This site is optimized with the Yoast SEO plugin v27.5 - https:\/\/yoast.com\/product\/yoast-seo-wordpress\/ -->\n<title>Comemora\u00e7\u00e3o do dez anos da FFB - Fraternit\u00e0 Francescana di Betania<\/title>\n<meta name=\"robots\" content=\"index, follow, max-snippet:-1, max-image-preview:large, max-video-preview:-1\" \/>\n<link rel=\"canonical\" href=\"https:\/\/www.ffbetania.net\/pt-br\/project\/dez-anos-de-ffb-aschaffenburg\/\" \/>\n<meta property=\"og:locale\" content=\"pt_BR\" \/>\n<meta property=\"og:type\" content=\"article\" \/>\n<meta property=\"og:title\" content=\"Comemora\u00e7\u00e3o do dez anos da FFB - Fraternit\u00e0 Francescana di Betania\" \/>\n<meta property=\"og:url\" content=\"https:\/\/www.ffbetania.net\/pt-br\/project\/dez-anos-de-ffb-aschaffenburg\/\" \/>\n<meta property=\"og:site_name\" content=\"Fraternit\u00e0 Francescana di Betania\" \/>\n<meta property=\"article:modified_time\" content=\"2023-08-21T10:38:05+00:00\" \/>\n<meta property=\"og:image\" content=\"https:\/\/www.ffbetania.net\/wp-content\/uploads\/2023\/07\/decimo-anniversario-ffb-aschaffenburg_2023.png\" \/>\n\t<meta property=\"og:image:width\" content=\"851\" \/>\n\t<meta property=\"og:image:height\" content=\"315\" \/>\n\t<meta property=\"og:image:type\" content=\"image\/png\" \/>\n<meta name=\"twitter:card\" content=\"summary_large_image\" \/>\n<script type=\"application\/ld+json\" class=\"yoast-schema-graph\">{\"@context\":\"https:\\\/\\\/schema.org\",\"@graph\":[{\"@type\":\"WebPage\",\"@id\":\"https:\\\/\\\/www.ffbetania.net\\\/pt-br\\\/project\\\/dez-anos-de-ffb-aschaffenburg\\\/\",\"url\":\"https:\\\/\\\/www.ffbetania.net\\\/pt-br\\\/project\\\/dez-anos-de-ffb-aschaffenburg\\\/\",\"name\":\"Comemora\u00e7\u00e3o do dez anos da FFB - Fraternit\u00e0 Francescana di Betania\",\"isPartOf\":{\"@id\":\"https:\\\/\\\/www.ffbetania.net\\\/pt-br\\\/#website\"},\"primaryImageOfPage\":{\"@id\":\"https:\\\/\\\/www.ffbetania.net\\\/pt-br\\\/project\\\/dez-anos-de-ffb-aschaffenburg\\\/#primaryimage\"},\"image\":{\"@id\":\"https:\\\/\\\/www.ffbetania.net\\\/pt-br\\\/project\\\/dez-anos-de-ffb-aschaffenburg\\\/#primaryimage\"},\"thumbnailUrl\":\"https:\\\/\\\/www.ffbetania.net\\\/wp-content\\\/uploads\\\/2023\\\/07\\\/decimo-anniversario-ffb-aschaffenburg_2023.png\",\"datePublished\":\"2023-08-01T15:18:32+00:00\",\"dateModified\":\"2023-08-21T10:38:05+00:00\",\"breadcrumb\":{\"@id\":\"https:\\\/\\\/www.ffbetania.net\\\/pt-br\\\/project\\\/dez-anos-de-ffb-aschaffenburg\\\/#breadcrumb\"},\"inLanguage\":\"pt-BR\",\"potentialAction\":[{\"@type\":\"ReadAction\",\"target\":[\"https:\\\/\\\/www.ffbetania.net\\\/pt-br\\\/project\\\/dez-anos-de-ffb-aschaffenburg\\\/\"]}]},{\"@type\":\"ImageObject\",\"inLanguage\":\"pt-BR\",\"@id\":\"https:\\\/\\\/www.ffbetania.net\\\/pt-br\\\/project\\\/dez-anos-de-ffb-aschaffenburg\\\/#primaryimage\",\"url\":\"https:\\\/\\\/www.ffbetania.net\\\/wp-content\\\/uploads\\\/2023\\\/07\\\/decimo-anniversario-ffb-aschaffenburg_2023.png\",\"contentUrl\":\"https:\\\/\\\/www.ffbetania.net\\\/wp-content\\\/uploads\\\/2023\\\/07\\\/decimo-anniversario-ffb-aschaffenburg_2023.png\",\"width\":851,\"height\":315},{\"@type\":\"BreadcrumbList\",\"@id\":\"https:\\\/\\\/www.ffbetania.net\\\/pt-br\\\/project\\\/dez-anos-de-ffb-aschaffenburg\\\/#breadcrumb\",\"itemListElement\":[{\"@type\":\"ListItem\",\"position\":1,\"name\":\"Home\",\"item\":\"https:\\\/\\\/www.ffbetania.net\\\/pt-br\\\/\"},{\"@type\":\"ListItem\",\"position\":2,\"name\":\"Projetos\",\"item\":\"https:\\\/\\\/www.ffbetania.net\\\/pt-br\\\/project\\\/\"},{\"@type\":\"ListItem\",\"position\":3,\"name\":\"Comemora\u00e7\u00e3o do dez anos da FFB\"}]},{\"@type\":\"WebSite\",\"@id\":\"https:\\\/\\\/www.ffbetania.net\\\/pt-br\\\/#website\",\"url\":\"https:\\\/\\\/www.ffbetania.net\\\/pt-br\\\/\",\"name\":\"Fraternit\u00e0 Francescana di Betania\",\"description\":\"La Fraternit\u00e0 Francescana di Betania \u00e8 lieta di rendervi partecipi di questa gioia\",\"potentialAction\":[{\"@type\":\"SearchAction\",\"target\":{\"@type\":\"EntryPoint\",\"urlTemplate\":\"https:\\\/\\\/www.ffbetania.net\\\/pt-br\\\/?s={search_term_string}\"},\"query-input\":{\"@type\":\"PropertyValueSpecification\",\"valueRequired\":true,\"valueName\":\"search_term_string\"}}],\"inLanguage\":\"pt-BR\"}]}<\/script>\n<!-- \/ Yoast SEO plugin. -->","yoast_head_json":{"title":"Comemora\u00e7\u00e3o do dez anos da FFB - Fraternit\u00e0 Francescana di Betania","robots":{"index":"index","follow":"follow","max-snippet":"max-snippet:-1","max-image-preview":"max-image-preview:large","max-video-preview":"max-video-preview:-1"},"canonical":"https:\/\/www.ffbetania.net\/pt-br\/project\/dez-anos-de-ffb-aschaffenburg\/","og_locale":"pt_BR","og_type":"article","og_title":"Comemora\u00e7\u00e3o do dez anos da FFB - Fraternit\u00e0 Francescana di Betania","og_url":"https:\/\/www.ffbetania.net\/pt-br\/project\/dez-anos-de-ffb-aschaffenburg\/","og_site_name":"Fraternit\u00e0 Francescana di Betania","article_modified_time":"2023-08-21T10:38:05+00:00","og_image":[{"width":851,"height":315,"url":"https:\/\/www.ffbetania.net\/wp-content\/uploads\/2023\/07\/decimo-anniversario-ffb-aschaffenburg_2023.png","type":"image\/png"}],"twitter_card":"summary_large_image","schema":{"@context":"https:\/\/schema.org","@graph":[{"@type":"WebPage","@id":"https:\/\/www.ffbetania.net\/pt-br\/project\/dez-anos-de-ffb-aschaffenburg\/","url":"https:\/\/www.ffbetania.net\/pt-br\/project\/dez-anos-de-ffb-aschaffenburg\/","name":"Comemora\u00e7\u00e3o do dez anos da FFB - Fraternit\u00e0 Francescana di Betania","isPartOf":{"@id":"https:\/\/www.ffbetania.net\/pt-br\/#website"},"primaryImageOfPage":{"@id":"https:\/\/www.ffbetania.net\/pt-br\/project\/dez-anos-de-ffb-aschaffenburg\/#primaryimage"},"image":{"@id":"https:\/\/www.ffbetania.net\/pt-br\/project\/dez-anos-de-ffb-aschaffenburg\/#primaryimage"},"thumbnailUrl":"https:\/\/www.ffbetania.net\/wp-content\/uploads\/2023\/07\/decimo-anniversario-ffb-aschaffenburg_2023.png","datePublished":"2023-08-01T15:18:32+00:00","dateModified":"2023-08-21T10:38:05+00:00","breadcrumb":{"@id":"https:\/\/www.ffbetania.net\/pt-br\/project\/dez-anos-de-ffb-aschaffenburg\/#breadcrumb"},"inLanguage":"pt-BR","potentialAction":[{"@type":"ReadAction","target":["https:\/\/www.ffbetania.net\/pt-br\/project\/dez-anos-de-ffb-aschaffenburg\/"]}]},{"@type":"ImageObject","inLanguage":"pt-BR","@id":"https:\/\/www.ffbetania.net\/pt-br\/project\/dez-anos-de-ffb-aschaffenburg\/#primaryimage","url":"https:\/\/www.ffbetania.net\/wp-content\/uploads\/2023\/07\/decimo-anniversario-ffb-aschaffenburg_2023.png","contentUrl":"https:\/\/www.ffbetania.net\/wp-content\/uploads\/2023\/07\/decimo-anniversario-ffb-aschaffenburg_2023.png","width":851,"height":315},{"@type":"BreadcrumbList","@id":"https:\/\/www.ffbetania.net\/pt-br\/project\/dez-anos-de-ffb-aschaffenburg\/#breadcrumb","itemListElement":[{"@type":"ListItem","position":1,"name":"Home","item":"https:\/\/www.ffbetania.net\/pt-br\/"},{"@type":"ListItem","position":2,"name":"Projetos","item":"https:\/\/www.ffbetania.net\/pt-br\/project\/"},{"@type":"ListItem","position":3,"name":"Comemora\u00e7\u00e3o do dez anos da FFB"}]},{"@type":"WebSite","@id":"https:\/\/www.ffbetania.net\/pt-br\/#website","url":"https:\/\/www.ffbetania.net\/pt-br\/","name":"Fraternit\u00e0 Francescana di Betania","description":"La Fraternit\u00e0 Francescana di Betania \u00e8 lieta di rendervi partecipi di questa gioia","potentialAction":[{"@type":"SearchAction","target":{"@type":"EntryPoint","urlTemplate":"https:\/\/www.ffbetania.net\/pt-br\/?s={search_term_string}"},"query-input":{"@type":"PropertyValueSpecification","valueRequired":true,"valueName":"search_term_string"}}],"inLanguage":"pt-BR"}]}},"_links":{"self":[{"href":"https:\/\/www.ffbetania.net\/pt-br\/wp-json\/wp\/v2\/project\/250274","targetHints":{"allow":["GET"]}}],"collection":[{"href":"https:\/\/www.ffbetania.net\/pt-br\/wp-json\/wp\/v2\/project"}],"about":[{"href":"https:\/\/www.ffbetania.net\/pt-br\/wp-json\/wp\/v2\/types\/project"}],"author":[{"embeddable":true,"href":"https:\/\/www.ffbetania.net\/pt-br\/wp-json\/wp\/v2\/users\/11"}],"replies":[{"embeddable":true,"href":"https:\/\/www.ffbetania.net\/pt-br\/wp-json\/wp\/v2\/comments?post=250274"}],"version-history":[{"count":12,"href":"https:\/\/www.ffbetania.net\/pt-br\/wp-json\/wp\/v2\/project\/250274\/revisions"}],"predecessor-version":[{"id":251313,"href":"https:\/\/www.ffbetania.net\/pt-br\/wp-json\/wp\/v2\/project\/250274\/revisions\/251313"}],"wp:featuredmedia":[{"embeddable":true,"href":"https:\/\/www.ffbetania.net\/pt-br\/wp-json\/wp\/v2\/media\/250119"}],"wp:attachment":[{"href":"https:\/\/www.ffbetania.net\/pt-br\/wp-json\/wp\/v2\/media?parent=250274"}],"wp:term":[{"taxonomy":"project_category","embeddable":true,"href":"https:\/\/www.ffbetania.net\/pt-br\/wp-json\/wp\/v2\/project_category?post=250274"},{"taxonomy":"project_tag","embeddable":true,"href":"https:\/\/www.ffbetania.net\/pt-br\/wp-json\/wp\/v2\/project_tag?post=250274"}],"curies":[{"name":"wp","href":"https:\/\/api.w.org\/{rel}","templated":true}]}}

Comemoração do dez anos da FFB

<!-- This site is optimized with the Yoast SEO plugin v27.5 - https://yoast.com/product/yoast-seo-wordpress/ -->
<title>Comemoração do dez anos da FFB - Fraternità Francescana di Betania</title>
<meta name="robots" content="index, follow, max-snippet:-1, max-image-preview:large, max-video-preview:-1" />
<link rel="canonical" href="https://www.ffbetania.net/pt-br/project/dez-anos-de-ffb-aschaffenburg/" />
<meta property="og:locale" content="pt_BR" />
<meta property="og:type" content="article" />
<meta property="og:title" content="Comemoração do dez anos da FFB - Fraternità Francescana di Betania" />
<meta property="og:url" content="https://www.ffbetania.net/pt-br/project/dez-anos-de-ffb-aschaffenburg/" />
<meta property="og:site_name" content="Fraternità Francescana di Betania" />
<meta property="article:modified_time" content="2023-08-21T10:38:05+00:00" />
<meta property="og:image" content="https://www.ffbetania.net/wp-content/uploads/2023/07/decimo-anniversario-ffb-aschaffenburg_2023.png" />
	<meta property="og:image:width" content="851" />
	<meta property="og:image:height" content="315" />
	<meta property="og:image:type" content="image/png" />
<meta name="twitter:card" content="summary_large_image" />
<script type="application/ld+json" class="yoast-schema-graph">{"@context":"https:\/\/schema.org","@graph":[{"@type":"WebPage","@id":"https:\/\/www.ffbetania.net\/pt-br\/project\/dez-anos-de-ffb-aschaffenburg\/","url":"https:\/\/www.ffbetania.net\/pt-br\/project\/dez-anos-de-ffb-aschaffenburg\/","name":"Comemoração do dez anos da FFB - Fraternità Francescana di Betania","isPartOf":{"@id":"https:\/\/www.ffbetania.net\/pt-br\/#website"},"primaryImageOfPage":{"@id":"https:\/\/www.ffbetania.net\/pt-br\/project\/dez-anos-de-ffb-aschaffenburg\/#primaryimage"},"image":{"@id":"https:\/\/www.ffbetania.net\/pt-br\/project\/dez-anos-de-ffb-aschaffenburg\/#primaryimage"},"thumbnailUrl":"https:\/\/www.ffbetania.net\/wp-content\/uploads\/2023\/07\/decimo-anniversario-ffb-aschaffenburg_2023.png","datePublished":"2023-08-01T15:18:32+00:00","dateModified":"2023-08-21T10:38:05+00:00","breadcrumb":{"@id":"https:\/\/www.ffbetania.net\/pt-br\/project\/dez-anos-de-ffb-aschaffenburg\/#breadcrumb"},"inLanguage":"pt-BR","potentialAction":[{"@type":"ReadAction","target":["https:\/\/www.ffbetania.net\/pt-br\/project\/dez-anos-de-ffb-aschaffenburg\/"]}]},{"@type":"ImageObject","inLanguage":"pt-BR","@id":"https:\/\/www.ffbetania.net\/pt-br\/project\/dez-anos-de-ffb-aschaffenburg\/#primaryimage","url":"https:\/\/www.ffbetania.net\/wp-content\/uploads\/2023\/07\/decimo-anniversario-ffb-aschaffenburg_2023.png","contentUrl":"https:\/\/www.ffbetania.net\/wp-content\/uploads\/2023\/07\/decimo-anniversario-ffb-aschaffenburg_2023.png","width":851,"height":315},{"@type":"BreadcrumbList","@id":"https:\/\/www.ffbetania.net\/pt-br\/project\/dez-anos-de-ffb-aschaffenburg\/#breadcrumb","itemListElement":[{"@type":"ListItem","position":1,"name":"Home","item":"https:\/\/www.ffbetania.net\/pt-br\/"},{"@type":"ListItem","position":2,"name":"Projetos","item":"https:\/\/www.ffbetania.net\/pt-br\/project\/"},{"@type":"ListItem","position":3,"name":"Comemoração do dez anos da FFB"}]},{"@type":"WebSite","@id":"https:\/\/www.ffbetania.net\/pt-br\/#website","url":"https:\/\/www.ffbetania.net\/pt-br\/","name":"Fraternità Francescana di Betania","description":"La Fraternità Francescana di Betania è lieta di rendervi partecipi di questa gioia","potentialAction":[{"@type":"SearchAction","target":{"@type":"EntryPoint","urlTemplate":"https:\/\/www.ffbetania.net\/pt-br\/?s={search_term_string}"},"query-input":{"@type":"PropertyValueSpecification","valueRequired":true,"valueName":"search_term_string"}}],"inLanguage":"pt-BR"}]}</script>
<!-- / Yoast SEO plugin. -->

Comemoração do dez anos da FFB - Fraternità Francescana di Betania

Fraternità Francescana di Betania

La Fraternità Francescana di Betania è lieta di rendervi partecipi di questa gioia
